{"id":107,"date":"2024-03-12T20:51:11","date_gmt":"2024-03-12T20:51:11","guid":{"rendered":"https:\/\/unikatniradovinatasa.com\/?page_id=107"},"modified":"2025-04-25T14:56:00","modified_gmt":"2025-04-25T14:56:00","slug":"magnetici-za-decije-rodendane","status":"publish","type":"page","link":"https:\/\/unikatniradovinatasa.com\/index.php\/magnetici-za-decije-rodendane\/","title":{"rendered":"Magneti\u0107i za de\u010dije ro\u0111endane"},"content":{"rendered":"<p>[et_pb_section fb_built=&#8221;1&#8243; _builder_version=&#8221;4.25.1&#8243; _module_preset=&#8221;default&#8221; hover_enabled=&#8221;0&#8243; global_colors_info=&#8221;{}&#8221; sticky_enabled=&#8221;0&#8243;][et_pb_row _builder_version=&#8221;4.25.1&#8243; _module_preset=&#8221;default&#8221; global_colors_info=&#8221;{}&#8221;][et_pb_column type=&#8221;4_4&#8243; _builder_version=&#8221;4.25.1&#8243; _module_preset=&#8221;default&#8221; global_colors_info=&#8221;{}&#8221;][et_pb_text _builder_version=&#8221;4.25.2&#8243; _module_preset=&#8221;default&#8221; header_font=&#8221;Autour One|600||on|||||&#8221; header_text_align=&#8221;center&#8221; header_text_color=&#8221;#5e4e56&#8243; header_line_height=&#8221;1.2em&#8221; custom_margin=&#8221;|0px||0px|false|true&#8221; custom_margin_tablet=&#8221;|0px||0px|false|true&#8221; custom_margin_phone=&#8221;-36px||||false|true&#8221; custom_margin_last_edited=&#8221;on|phone&#8221; custom_padding=&#8221;0px||||false|false&#8221; header_font_size_tablet=&#8221;31px&#8221; header_font_size_phone=&#8221;18px&#8221; header_font_size_last_edited=&#8221;on|phone&#8221; header_text_shadow_style=&#8221;preset2&#8243; global_colors_info=&#8221;{}&#8221;]<\/p>\n<h1>magneti\u0107i za de\u010dije ro\u0111endane<\/h1>\n<p>[\/et_pb_text][\/et_pb_column][\/et_pb_row][et_pb_row _builder_version=&#8221;4.25.1&#8243; _module_preset=&#8221;default&#8221; global_colors_info=&#8221;{}&#8221;][et_pb_column type=&#8221;4_4&#8243; _builder_version=&#8221;4.25.1&#8243; _module_preset=&#8221;default&#8221; global_colors_info=&#8221;{}&#8221;][et_pb_text _builder_version=&#8221;4.25.2&#8243; _module_preset=&#8221;default&#8221; text_font=&#8221;Poppins||||||||&#8221; text_text_color=&#8221;#5E4E56&#8243; header_3_font=&#8221;Poppins|700|||||||&#8221; header_3_text_color=&#8221;#5E4E56&#8243; header_3_font_size=&#8221;20px&#8221; custom_margin=&#8221;-27px||||false|false&#8221; custom_padding=&#8221;0px||||false|false&#8221; global_colors_info=&#8221;{}&#8221;]<\/p>\n<h3>Unikatni pokloni koji odu\u0161evljavaju<\/h3>\n<p>Dobrodo\u0161li na stranicu posve\u0107enu personalizovanim magnetima, savr\u0161enim poklonima za de\u010dije ro\u0111endane! Sa ponosom vam predstavljam moje jedinstvene magnete od foreksa, izra\u0111ene po va\u0161oj \u017eelji, koji \u0107e svaki ro\u0111endan u\u010diniti nezaboravnim. Moja misija je da vam pomognem da svaki de\u010diji ro\u0111endan postane nezaboravna avantura ispunjena osmesima, rado\u0161\u0107u i uspomenama koje \u0107e trajati \u010ditav \u017eivot.<\/p>\n<p>[\/et_pb_text][\/et_pb_column][\/et_pb_row][et_pb_row _builder_version=&#8221;4.25.2&#8243; _module_preset=&#8221;default&#8221; use_background_color_gradient=&#8221;on&#8221; background_color_gradient_stops=&#8221;#5e4e56 0%|#ee92c2 100%&#8221; module_alignment=&#8221;center&#8221; custom_margin=&#8221;|||269px|false|false&#8221; custom_padding=&#8221;|34px||34px|false|true&#8221; border_radii=&#8221;on|30px|30px|30px|30px&#8221; box_shadow_style=&#8221;preset2&#8243; box_shadow_horizontal=&#8221;2px&#8221; box_shadow_vertical=&#8221;2px&#8221; global_colors_info=&#8221;{}&#8221;][et_pb_column type=&#8221;4_4&#8243; _builder_version=&#8221;4.25.1&#8243; _module_preset=&#8221;default&#8221; global_colors_info=&#8221;{}&#8221;][et_pb_text _builder_version=&#8221;4.25.2&#8243; _module_preset=&#8221;default&#8221; text_font=&#8221;Poppins||||||||&#8221; text_text_color=&#8221;#ffffff&#8221; header_3_font=&#8221;Poppins|700|||||||&#8221; header_3_text_color=&#8221;#FFFFFF&#8221; header_3_font_size=&#8221;20px&#8221; header_3_line_height=&#8221;1.3em&#8221; width=&#8221;43%&#8221; custom_margin=&#8221;|||31px|false|false&#8221; custom_margin_tablet=&#8221;|15px||15px|false|true&#8221; custom_margin_phone=&#8221;|15px||15px|false|true&#8221; custom_margin_last_edited=&#8221;on|tablet&#8221; header_3_text_shadow_style=&#8221;preset2&#8243; global_colors_info=&#8221;{}&#8221;]<\/p>\n<h3>Za\u0161to su moji magneti\u0107i za de\u010dije ro\u0111endane posebni?<\/h3>\n<p><strong>Personalizacija sa dodirom ma\u0161te:<\/strong><\/p>\n<p>Svako dete je posebno i zaslu\u017euje poklon koji odra\u017eava njegovu jedinstvenu li\u010dnost i interesovanja. Moji personalizovani magneti nude neograni\u010dene mogu\u0107nosti za prilago\u0111avanje. Bilo da va\u0161a mala princeza voli bajke i vile, ili va\u0161 mali junak obo\u017eava superherojsku akciju, ja \u0107u stvoriti magnet koji \u0107e ta\u010dno odgovarati njihovim snovima. Magneti\u0107i za de\u010dije ro\u0111endane su savr\u0161en na\u010din da u\u010dinite svaki trenutak posebnim.<\/p>\n<p><strong>Jedinstven i originalan dizajn:<\/strong><\/p>\n<p>Ja stvaram sa stra\u0161\u0107u i posve\u0107eno\u0161\u0107u kako bi svaki magnet bio pravo umetni\u010dko delo. Kombinujem visoko kvalitetne materijale, kao \u0161to je forex, sa preciznim printanjem i rezanjem, da bi svaki poklon bio savr\u0161en. Moji magneti\u0107i za de\u010dije ro\u0111endane su ne samo lepi, ve\u0107 i dugotrajni.<\/p>\n<p><strong>Raznovrsnost oblika:<\/strong><\/p>\n<p>Magnete izra\u0111ujem u razli\u010ditim oblicima, od klasi\u010dnih pravougaonih do specifi\u010dnih dizajna koji prate siluete omiljenih likova iz crtanih filmova. Svaka va\u0161a ideja mo\u017ee postati stvarnost. Magneti\u0107i mogu biti prilago\u0111eni svakom detetu i svakoj temi.<\/p>\n<p>[\/et_pb_text][\/et_pb_column][\/et_pb_row][et_pb_row _builder_version=&#8221;4.25.1&#8243; _module_preset=&#8221;default&#8221; global_colors_info=&#8221;{}&#8221;][et_pb_column type=&#8221;4_4&#8243; _builder_version=&#8221;4.25.1&#8243; _module_preset=&#8221;default&#8221; global_colors_info=&#8221;{}&#8221;][et_pb_image src=&#8221;http:\/\/unikatniradovinatasa.com\/wp-content\/uploads\/2024\/06\/deciji.png&#8221; alt=&#8221;Magnetici za rodjendan&#8221; title_text=&#8221;deciji&#8221; _builder_version=&#8221;4.25.1&#8243; _module_preset=&#8221;default&#8221; width=&#8221;41%&#8221; custom_margin=&#8221;-633px|||587px|false|false&#8221; custom_padding=&#8221;|21px||21px|false|true&#8221; border_radii=&#8221;on|30px|30px|30px|30px&#8221; global_colors_info=&#8221;{}&#8221;][\/et_pb_image][\/et_pb_column][\/et_pb_row][et_pb_row _builder_version=&#8221;4.25.1&#8243; _module_preset=&#8221;default&#8221; global_colors_info=&#8221;{}&#8221;][et_pb_column type=&#8221;4_4&#8243; _builder_version=&#8221;4.25.1&#8243; _module_preset=&#8221;default&#8221; global_colors_info=&#8221;{}&#8221;][et_pb_text _builder_version=&#8221;4.25.2&#8243; _module_preset=&#8221;default&#8221; text_font=&#8221;Poppins||||||||&#8221; text_text_color=&#8221;#5E4E56&#8243; header_3_font=&#8221;Poppins|700|||||||&#8221; header_3_text_color=&#8221;#5E4E56&#8243; header_3_font_size=&#8221;20px&#8221; custom_margin=&#8221;-37px||||false|false&#8221; global_colors_info=&#8221;{}&#8221;]<\/p>\n<h3>Magneti\u0107i za de\u010dije ro\u0111endane &#8211; savr\u0161eni za svaku priliku<\/h3>\n<p>Moji personalizovani magneti nisu namenjeni samo za ro\u0111endane. Oni su savr\u0161en izbor za svaku priliku \u2013 kao zahvalnice za prisustvo na ro\u0111endanu, pokloni za \u0161kolske drugare, ili jednostavno kao divne uspomene koje \u0107e krasiti va\u0161 dom. Magneti\u0107i za de\u010dije ro\u0111endane su savr\u0161eni za deljenje radosti i stvaranje uspomena.<\/p>\n<p>[\/et_pb_text][\/et_pb_column][\/et_pb_row][et_pb_row _builder_version=&#8221;4.25.1&#8243; _module_preset=&#8221;default&#8221; global_colors_info=&#8221;{}&#8221;][et_pb_column type=&#8221;4_4&#8243; _builder_version=&#8221;4.25.1&#8243; _module_preset=&#8221;default&#8221; global_colors_info=&#8221;{}&#8221;][et_pb_text _builder_version=&#8221;4.25.2&#8243; _module_preset=&#8221;default&#8221; text_font=&#8221;Poppins|600|||||||&#8221; text_text_color=&#8221;#5E4E56&#8243; text_font_size=&#8221;20px&#8221; header_font=&#8221;Autour One|600||on|||||&#8221; header_text_align=&#8221;center&#8221; header_text_color=&#8221;#5e4e56&#8243; width_tablet=&#8221;&#8221; width_phone=&#8221;&#8221; width_last_edited=&#8221;on|phone&#8221; custom_margin=&#8221;||-24px||false|false&#8221; custom_margin_tablet=&#8221;||-24px||false|false&#8221; custom_margin_phone=&#8221;-58px||||false|true&#8221; custom_margin_last_edited=&#8221;on|phone&#8221; custom_padding=&#8221;0px||||false|false&#8221; custom_padding_tablet=&#8221;0px||||false|false&#8221; custom_padding_phone=&#8221;38px||||false|false&#8221; custom_padding_last_edited=&#8221;on|desktop&#8221; text_font_size_tablet=&#8221;20px&#8221; text_font_size_phone=&#8221;16px&#8221; text_font_size_last_edited=&#8221;on|phone&#8221; header_font_size_tablet=&#8221;31px&#8221; header_font_size_phone=&#8221;20px&#8221; header_font_size_last_edited=&#8221;on|phone&#8221; header_text_shadow_style=&#8221;preset2&#8243; global_colors_info=&#8221;{}&#8221;]<\/p>\n<h1>modele magneti\u0107a<\/h1>\n<p style=\"text-align: center;\">pogledajte ovde<\/p>\n<p>[\/et_pb_text][\/et_pb_column][\/et_pb_row][et_pb_row column_structure=&#8221;1_2,1_2&#8243; module_class=&#8221;two-columns&#8221; _builder_version=&#8221;4.25.2&#8243; _module_preset=&#8221;default&#8221; custom_css_main_element=&#8221;width: 50% !important; \/*two columns*\/&#8221; global_colors_info=&#8221;{}&#8221;][et_pb_column type=&#8221;1_2&#8243; _builder_version=&#8221;4.25.1&#8243; _module_preset=&#8221;default&#8221; global_colors_info=&#8221;{}&#8221;][et_pb_button button_url=&#8221;https:\/\/unikatniradovinatasa.com\/index.php\/pravougaoni-deciji-magnetici\/?et_fb=1&#038;PageSpeed=off&#8221; button_text=&#8221;Pravougaoni&#8221; button_alignment=&#8221;center&#8221; _builder_version=&#8221;4.27.0&#8243; _module_preset=&#8221;default&#8221; custom_button=&#8221;on&#8221; button_text_size=&#8221;16px&#8221; button_text_color=&#8221;#FFFFFF&#8221; button_bg_color=&#8221;#EE92C2&#8243; button_border_width=&#8221;0px&#8221; button_border_color=&#8221;RGBA(255,255,255,0)&#8221; button_border_radius=&#8221;20px&#8221; button_letter_spacing=&#8221;0px&#8221; button_font=&#8221;Poppins|700|||||||&#8221; button_icon_color=&#8221;#5E4E56&#8243; animation_style=&#8221;slide&#8221; animation_duration=&#8221;1450ms&#8221; box_shadow_style=&#8221;preset3&#8243; box_shadow_vertical=&#8221;10px&#8221; box_shadow_blur=&#8221;8px&#8221; global_colors_info=&#8221;{}&#8221;][\/et_pb_button][\/et_pb_column][et_pb_column type=&#8221;1_2&#8243; _builder_version=&#8221;4.25.1&#8243; _module_preset=&#8221;default&#8221; global_colors_info=&#8221;{}&#8221;][et_pb_button button_url=&#8221;https:\/\/unikatniradovinatasa.com\/index.php\/oblici-deciji-magneti\/&#8221; button_text=&#8221;Oblici&#8221; button_alignment=&#8221;center&#8221; _builder_version=&#8221;4.25.1&#8243; _module_preset=&#8221;default&#8221; custom_button=&#8221;on&#8221; button_text_size=&#8221;16px&#8221; button_text_color=&#8221;#FFFFFF&#8221; button_bg_color=&#8221;#EE92C2&#8243; button_border_width=&#8221;0px&#8221; button_border_color=&#8221;RGBA(255,255,255,0)&#8221; button_border_radius=&#8221;20px&#8221; button_letter_spacing=&#8221;0px&#8221; button_font=&#8221;Poppins|700|||||||&#8221; button_icon_color=&#8221;#5E4E56&#8243; animation_style=&#8221;slide&#8221; animation_duration=&#8221;1450ms&#8221; box_shadow_style=&#8221;preset3&#8243; box_shadow_vertical=&#8221;10px&#8221; box_shadow_blur=&#8221;8px&#8221; global_colors_info=&#8221;{}&#8221;][\/et_pb_button][\/et_pb_column][\/et_pb_row][et_pb_row use_custom_gutter=&#8221;on&#8221; gutter_width=&#8221;1&#8243; module_class=&#8221;gal-width&#8221; _builder_version=&#8221;4.25.2&#8243; _module_preset=&#8221;default&#8221; width=&#8221;100%&#8221; module_alignment=&#8221;center&#8221; custom_margin=&#8221;|0px||0px|false|true&#8221; custom_padding=&#8221;|10px||10px|false|true&#8221; global_colors_info=&#8221;{}&#8221;][et_pb_column type=&#8221;4_4&#8243; _builder_version=&#8221;4.25.1&#8243; _module_preset=&#8221;default&#8221; global_colors_info=&#8221;{}&#8221;][et_pb_gallery gallery_ids=&#8221;763,764,765,766,767,768,769,770,771,772,773,774,775,776,777,778,779,780,781,782,783,784,785,786,787,788,789,790,791,792,793&#8243; posts_number=&#8221;10&#8243; orientation=&#8221;portrait&#8221; show_title_and_caption=&#8221;off&#8221; zoom_icon_color=&#8221;#FFFFFF&#8221; hover_overlay_color=&#8221;rgba(94,67,78,0.27)&#8221; hover_icon=&#8221;&#x30;||divi||400&#8243; _builder_version=&#8221;4.25.2&#8243; _module_preset=&#8221;default&#8221; module_alignment=&#8221;center&#8221; custom_margin_tablet=&#8221;&#8221; custom_margin_phone=&#8221;&#8221; custom_margin_last_edited=&#8221;on|desktop&#8221; custom_padding_tablet=&#8221;&#8221; custom_padding_phone=&#8221;&#8221; custom_padding_last_edited=&#8221;on|desktop&#8221; module_alignment_tablet=&#8221;center&#8221; module_alignment_phone=&#8221;center&#8221; module_alignment_last_edited=&#8221;on|desktop&#8221; custom_css_gallery_item=&#8221;\/** Desktop **\/||@media (min-width: 981px){||.gal-width .et_pb_gallery_item {||width: 25% !important; \/*six columns*\/||clear: none !important;||}||}|| ||\/** Tablet **\/||@media (max-width: 768px){||.gal-width .et_pb_gallery_item {||width: 25% !important; \/*four columns*\/||clear: none !important;||}||}|| ||\/** Small Tablet and Large Phone **\/||@media (max-width: 600px){||.gal-width .et_pb_gallery_item {||width: 33.33% !important; \/*three columns*\/||clear: none !important;||}||}|| ||\/** Phone **\/||@media (max-width: 400px){||.gal-width .et_pb_gallery_item {||width: 33.33% !important; \/*two columns*\/||clear: none !important;||}||}&#8221; border_width_all=&#8221;6px&#8221; border_color_all=&#8221;rgba(255,255,255,0)&#8221; global_colors_info=&#8221;{}&#8221;][\/et_pb_gallery][\/et_pb_column][\/et_pb_row][et_pb_row use_custom_gutter=&#8221;on&#8221; gutter_width=&#8221;1&#8243; custom_padding_last_edited=&#8221;on|phone&#8221; module_class=&#8221;gal-width&#8221; _builder_version=&#8221;4.27.4&#8243; _module_preset=&#8221;default&#8221; width_tablet=&#8221;&#8221; width_phone=&#8221;45%&#8221; width_last_edited=&#8221;on|phone&#8221; module_alignment=&#8221;center&#8221; custom_margin=&#8221;|5px||5px|false|true&#8221; custom_margin_tablet=&#8221;|5px||5px|false|true&#8221; custom_margin_phone=&#8221;|0px||0px|false|true&#8221; custom_margin_last_edited=&#8221;on|phone&#8221; custom_padding=&#8221;|38px||38px|false|true&#8221; custom_padding_tablet=&#8221;|38px||38px|false|true&#8221; custom_padding_phone=&#8221;|0px||52px|false|false&#8221; module_alignment_tablet=&#8221;center&#8221; module_alignment_phone=&#8221;left&#8221; module_alignment_last_edited=&#8221;on|phone&#8221; global_colors_info=&#8221;{}&#8221;][et_pb_column type=&#8221;4_4&#8243; _builder_version=&#8221;4.25.2&#8243; _module_preset=&#8221;default&#8221; custom_padding=&#8221;|5px||5px|false|true&#8221; global_colors_info=&#8221;{}&#8221;][et_pb_gallery gallery_ids=&#8221;794,795,796,797&#8243; show_title_and_caption=&#8221;off&#8221; zoom_icon_color=&#8221;#FFFFFF&#8221; hover_overlay_color=&#8221;rgba(94,62,76,0.34)&#8221; hover_icon=&#8221;&#x30;||divi||400&#8243; _builder_version=&#8221;4.25.2&#8243; _module_preset=&#8221;default&#8221; width=&#8221;100%&#8221; custom_margin=&#8221;-49px|-200px||-33px|false|false&#8221; custom_padding=&#8221;0px|0px||0px|false|false&#8221; hover_enabled=&#8221;0&#8243; custom_css_gallery_item=&#8221;\/** Desktop **\/||@media (min-width: 981px){||.gal-width .et_pb_gallery_item {||width: 25% !important; \/*six columns*\/||clear: none !important;||}||}|| ||\/** Tablet **\/||@media (max-width: 768px){||.gal-width .et_pb_gallery_item {||width: 25% !important; \/*four columns*\/||clear: none !important;||}||}|| ||\/** Small Tablet and Large Phone **\/||@media (max-width: 600px){||.gal-width .et_pb_gallery_item {||width: 33.33% !important; \/*three columns*\/||clear: none !important;||}||}|| ||\/** Phone **\/||@media (max-width: 400px){||.gal-width .et_pb_gallery_item {||width: 50% !important; \/*two columns*\/||clear: none !important;||}||}&#8221; border_width_all=&#8221;6px&#8221; border_color_all=&#8221;rgba(255,255,255,0)&#8221; global_colors_info=&#8221;{}&#8221; sticky_enabled=&#8221;0&#8243;][\/et_pb_gallery][\/et_pb_column][\/et_pb_row][et_pb_row _builder_version=&#8221;4.25.1&#8243; _module_preset=&#8221;default&#8221; global_colors_info=&#8221;{}&#8221;][et_pb_column type=&#8221;4_4&#8243; _builder_version=&#8221;4.25.1&#8243; _module_preset=&#8221;default&#8221; global_colors_info=&#8221;{}&#8221;][et_pb_text _builder_version=&#8221;4.25.1&#8243; _module_preset=&#8221;default&#8221; text_font=&#8221;Poppins||||||||&#8221; text_text_color=&#8221;#5E4E56&#8243; header_3_font=&#8221;Poppins|700|||||||&#8221; header_3_text_color=&#8221;#5E4E56&#8243; header_3_font_size=&#8221;20px&#8221; global_colors_info=&#8221;{}&#8221;]<\/p>\n<h3>Kontaktirajte me<\/h3>\n<p>Ako ste spremni da naru\u010dite ili imate dodatna pitanja, slobodno me kontaktirajte i ja \u0107u vam pomo\u0107i da svaki detalj bude savr\u0161en.<\/p>\n<p>[\/et_pb_text][\/et_pb_column][\/et_pb_row][\/et_pb_section]<\/p>\n","protected":false},"excerpt":{"rendered":"<p>magneti\u0107i za de\u010dije ro\u0111endaneUnikatni pokloni koji odu\u0161evljavaju Dobrodo\u0161li na stranicu posve\u0107enu personalizovanim magnetima, savr\u0161enim poklonima za de\u010dije ro\u0111endane! Sa ponosom vam predstavljam moje jedinstvene magnete od foreksa, izra\u0111ene po va\u0161oj \u017eelji, koji \u0107e svaki ro\u0111endan u\u010diniti nezaboravnim. Moja misija je da vam pomognem da svaki de\u010diji ro\u0111endan postane nezaboravna avantura ispunjena osmesima, rado\u0161\u0107u i uspomenama [&hellip;]<\/p>\n","protected":false},"author":2,"featured_media":0,"parent":0,"menu_order":0,"comment_status":"closed","ping_status":"closed","template":"","meta":{"_et_pb_use_builder":"on","_et_pb_old_content":"<!-- wp:divi\/placeholder \/-->","_et_gb_content_width":"","footnotes":""},"class_list":["post-107","page","type-page","status-publish","hentry"],"yoast_head":"<!-- This site is optimized with the Yoast SEO plugin v26.1.1 - https:\/\/yoast.com\/wordpress\/plugins\/seo\/ -->\n<title>Magneti\u0107i za de\u010dije ro\u0111endane - Unikatni radovi Natasa<\/title>\n<meta name=\"robots\" content=\"index, follow, max-snippet:-1, max-image-preview:large, max-video-preview:-1\" \/>\n<link rel=\"canonical\" href=\"https:\/\/unikatniradovinatasa.com\/index.php\/magnetici-za-decije-rodendane\/\" \/>\n<meta property=\"og:locale\" content=\"en_US\" \/>\n<meta property=\"og:type\" content=\"article\" \/>\n<meta property=\"og:title\" content=\"Magneti\u0107i za de\u010dije ro\u0111endane - Unikatni radovi Natasa\" \/>\n<meta property=\"og:description\" content=\"magneti\u0107i za de\u010dije ro\u0111endaneUnikatni pokloni koji odu\u0161evljavaju Dobrodo\u0161li na stranicu posve\u0107enu personalizovanim magnetima, savr\u0161enim poklonima za de\u010dije ro\u0111endane! Sa ponosom vam predstavljam moje jedinstvene magnete od foreksa, izra\u0111ene po va\u0161oj \u017eelji, koji \u0107e svaki ro\u0111endan u\u010diniti nezaboravnim. Moja misija je da vam pomognem da svaki de\u010diji ro\u0111endan postane nezaboravna avantura ispunjena osmesima, rado\u0161\u0107u i uspomenama [&hellip;]\" \/>\n<meta property=\"og:url\" content=\"https:\/\/unikatniradovinatasa.com\/index.php\/magnetici-za-decije-rodendane\/\" \/>\n<meta property=\"og:site_name\" content=\"Unikatni radovi Natasa\" \/>\n<meta property=\"article:publisher\" content=\"https:\/\/www.facebook.com\/unikatniradovinata\/\" \/>\n<meta property=\"article:modified_time\" content=\"2025-04-25T14:56:00+00:00\" \/>\n<meta name=\"twitter:card\" content=\"summary_large_image\" \/>\n<meta name=\"twitter:label1\" content=\"Est. reading time\" \/>\n\t<meta name=\"twitter:data1\" content=\"9 minutes\" \/>\n<script type=\"application\/ld+json\" class=\"yoast-schema-graph\">{\"@context\":\"https:\/\/schema.org\",\"@graph\":[{\"@type\":\"WebPage\",\"@id\":\"https:\/\/unikatniradovinatasa.com\/index.php\/magnetici-za-decije-rodendane\/\",\"url\":\"https:\/\/unikatniradovinatasa.com\/index.php\/magnetici-za-decije-rodendane\/\",\"name\":\"Magneti\u0107i za de\u010dije ro\u0111endane - Unikatni radovi Natasa\",\"isPartOf\":{\"@id\":\"https:\/\/unikatniradovinatasa.com\/#website\"},\"datePublished\":\"2024-03-12T20:51:11+00:00\",\"dateModified\":\"2025-04-25T14:56:00+00:00\",\"breadcrumb\":{\"@id\":\"https:\/\/unikatniradovinatasa.com\/index.php\/magnetici-za-decije-rodendane\/#breadcrumb\"},\"inLanguage\":\"en-US\",\"potentialAction\":[{\"@type\":\"ReadAction\",\"target\":[\"https:\/\/unikatniradovinatasa.com\/index.php\/magnetici-za-decije-rodendane\/\"]}]},{\"@type\":\"BreadcrumbList\",\"@id\":\"https:\/\/unikatniradovinatasa.com\/index.php\/magnetici-za-decije-rodendane\/#breadcrumb\",\"itemListElement\":[{\"@type\":\"ListItem\",\"position\":1,\"name\":\"Home\",\"item\":\"https:\/\/unikatniradovinatasa.com\/\"},{\"@type\":\"ListItem\",\"position\":2,\"name\":\"Magneti\u0107i za de\u010dije ro\u0111endane\"}]},{\"@type\":\"WebSite\",\"@id\":\"https:\/\/unikatniradovinatasa.com\/#website\",\"url\":\"https:\/\/unikatniradovinatasa.com\/\",\"name\":\"Rucni radovi\",\"description\":\"Ru\u010dni radovi\",\"publisher\":{\"@id\":\"https:\/\/unikatniradovinatasa.com\/#organization\"},\"potentialAction\":[{\"@type\":\"SearchAction\",\"target\":{\"@type\":\"EntryPoint\",\"urlTemplate\":\"https:\/\/unikatniradovinatasa.com\/?s={search_term_string}\"},\"query-input\":{\"@type\":\"PropertyValueSpecification\",\"valueRequired\":true,\"valueName\":\"search_term_string\"}}],\"inLanguage\":\"en-US\"},{\"@type\":\"Organization\",\"@id\":\"https:\/\/unikatniradovinatasa.com\/#organization\",\"name\":\"unikatni radovi natasa\",\"url\":\"https:\/\/unikatniradovinatasa.com\/\",\"logo\":{\"@type\":\"ImageObject\",\"inLanguage\":\"en-US\",\"@id\":\"https:\/\/unikatniradovinatasa.com\/#\/schema\/logo\/image\/\",\"url\":\"https:\/\/unikatniradovinatasa.com\/wp-content\/uploads\/2024\/02\/Logo.jpg\",\"contentUrl\":\"https:\/\/unikatniradovinatasa.com\/wp-content\/uploads\/2024\/02\/Logo.jpg\",\"width\":1850,\"height\":818,\"caption\":\"unikatni radovi natasa\"},\"image\":{\"@id\":\"https:\/\/unikatniradovinatasa.com\/#\/schema\/logo\/image\/\"},\"sameAs\":[\"https:\/\/www.facebook.com\/unikatniradovinata\/\",\"https:\/\/www.instagram.com\/unikatni_radovi_natasa\/\"]}]}<\/script>\n<!-- \/ Yoast SEO plugin. -->","yoast_head_json":{"title":"Magneti\u0107i za de\u010dije ro\u0111endane - Unikatni radovi Natasa","robots":{"index":"index","follow":"follow","max-snippet":"max-snippet:-1","max-image-preview":"max-image-preview:large","max-video-preview":"max-video-preview:-1"},"canonical":"https:\/\/unikatniradovinatasa.com\/index.php\/magnetici-za-decije-rodendane\/","og_locale":"en_US","og_type":"article","og_title":"Magneti\u0107i za de\u010dije ro\u0111endane - Unikatni radovi Natasa","og_description":"magneti\u0107i za de\u010dije ro\u0111endaneUnikatni pokloni koji odu\u0161evljavaju Dobrodo\u0161li na stranicu posve\u0107enu personalizovanim magnetima, savr\u0161enim poklonima za de\u010dije ro\u0111endane! Sa ponosom vam predstavljam moje jedinstvene magnete od foreksa, izra\u0111ene po va\u0161oj \u017eelji, koji \u0107e svaki ro\u0111endan u\u010diniti nezaboravnim. Moja misija je da vam pomognem da svaki de\u010diji ro\u0111endan postane nezaboravna avantura ispunjena osmesima, rado\u0161\u0107u i uspomenama [&hellip;]","og_url":"https:\/\/unikatniradovinatasa.com\/index.php\/magnetici-za-decije-rodendane\/","og_site_name":"Unikatni radovi Natasa","article_publisher":"https:\/\/www.facebook.com\/unikatniradovinata\/","article_modified_time":"2025-04-25T14:56:00+00:00","twitter_card":"summary_large_image","twitter_misc":{"Est. reading time":"9 minutes"},"schema":{"@context":"https:\/\/schema.org","@graph":[{"@type":"WebPage","@id":"https:\/\/unikatniradovinatasa.com\/index.php\/magnetici-za-decije-rodendane\/","url":"https:\/\/unikatniradovinatasa.com\/index.php\/magnetici-za-decije-rodendane\/","name":"Magneti\u0107i za de\u010dije ro\u0111endane - Unikatni radovi Natasa","isPartOf":{"@id":"https:\/\/unikatniradovinatasa.com\/#website"},"datePublished":"2024-03-12T20:51:11+00:00","dateModified":"2025-04-25T14:56:00+00:00","breadcrumb":{"@id":"https:\/\/unikatniradovinatasa.com\/index.php\/magnetici-za-decije-rodendane\/#breadcrumb"},"inLanguage":"en-US","potentialAction":[{"@type":"ReadAction","target":["https:\/\/unikatniradovinatasa.com\/index.php\/magnetici-za-decije-rodendane\/"]}]},{"@type":"BreadcrumbList","@id":"https:\/\/unikatniradovinatasa.com\/index.php\/magnetici-za-decije-rodendane\/#breadcrumb","itemListElement":[{"@type":"ListItem","position":1,"name":"Home","item":"https:\/\/unikatniradovinatasa.com\/"},{"@type":"ListItem","position":2,"name":"Magneti\u0107i za de\u010dije ro\u0111endane"}]},{"@type":"WebSite","@id":"https:\/\/unikatniradovinatasa.com\/#website","url":"https:\/\/unikatniradovinatasa.com\/","name":"Rucni radovi","description":"Ru\u010dni radovi","publisher":{"@id":"https:\/\/unikatniradovinatasa.com\/#organization"},"potentialAction":[{"@type":"SearchAction","target":{"@type":"EntryPoint","urlTemplate":"https:\/\/unikatniradovinatasa.com\/?s={search_term_string}"},"query-input":{"@type":"PropertyValueSpecification","valueRequired":true,"valueName":"search_term_string"}}],"inLanguage":"en-US"},{"@type":"Organization","@id":"https:\/\/unikatniradovinatasa.com\/#organization","name":"unikatni radovi natasa","url":"https:\/\/unikatniradovinatasa.com\/","logo":{"@type":"ImageObject","inLanguage":"en-US","@id":"https:\/\/unikatniradovinatasa.com\/#\/schema\/logo\/image\/","url":"https:\/\/unikatniradovinatasa.com\/wp-content\/uploads\/2024\/02\/Logo.jpg","contentUrl":"https:\/\/unikatniradovinatasa.com\/wp-content\/uploads\/2024\/02\/Logo.jpg","width":1850,"height":818,"caption":"unikatni radovi natasa"},"image":{"@id":"https:\/\/unikatniradovinatasa.com\/#\/schema\/logo\/image\/"},"sameAs":["https:\/\/www.facebook.com\/unikatniradovinata\/","https:\/\/www.instagram.com\/unikatni_radovi_natasa\/"]}]}},"_links":{"self":[{"href":"https:\/\/unikatniradovinatasa.com\/index.php\/wp-json\/wp\/v2\/pages\/107","targetHints":{"allow":["GET"]}}],"collection":[{"href":"https:\/\/unikatniradovinatasa.com\/index.php\/wp-json\/wp\/v2\/pages"}],"about":[{"href":"https:\/\/unikatniradovinatasa.com\/index.php\/wp-json\/wp\/v2\/types\/page"}],"author":[{"embeddable":true,"href":"https:\/\/unikatniradovinatasa.com\/index.php\/wp-json\/wp\/v2\/users\/2"}],"replies":[{"embeddable":true,"href":"https:\/\/unikatniradovinatasa.com\/index.php\/wp-json\/wp\/v2\/comments?post=107"}],"version-history":[{"count":14,"href":"https:\/\/unikatniradovinatasa.com\/index.php\/wp-json\/wp\/v2\/pages\/107\/revisions"}],"predecessor-version":[{"id":1115,"href":"https:\/\/unikatniradovinatasa.com\/index.php\/wp-json\/wp\/v2\/pages\/107\/revisions\/1115"}],"wp:attachment":[{"href":"https:\/\/unikatniradovinatasa.com\/index.php\/wp-json\/wp\/v2\/media?parent=107"}],"curies":[{"name":"wp","href":"https:\/\/api.w.org\/{rel}","templated":true}]}}